 + t. What is the units digit of j?
0
Let h(i) = i**2 + 9*i + 4. Let o = 4 - 2. Suppose o*z = -z - 27. What is the units digit of h(z)?
4
Let s = 349 + 17. What is the hundreds digit of s?
3
Let u(h) = 6*h**2 + 10*h + 36. Let q(w) be the first derivative of -w**3/3 - w**2 - 7*w + 2. Let v(m) = 11*q(m) + 2*u(m). What is the units digit of v(4)?
3
Let x(n) = 2*n**3 - 37*n**2 - 30*n + 50. What is the tens digit of x(20)?
5
Suppose 0 = 5*q, -3*j + q - 2*q = 9. Let y(t) = -23*t + 3. What is the tens digit of y(j)?
7
Suppose -2*q - 19*c = -23*c - 6948, -3*q = c - 10401. What is the units digit of q?
8
Suppose -3*u - 629 = -686. What is the tens digit of u?
1
Suppose 4*w - 65 = -w. Suppose 0 = u + 4*j + 5, 2*j + 2*j - w = u. Let b = u + 18. What is the units digit of b?
9
What is the tens digit of 1278/(-1491)*749*(0 - 1)?
4
Let p(w) = 175*w**2 + 13*w + 74. What is the tens digit of p(-4)?
2
Suppose 0*k + 9*k - 7065 = 0. What is the units digit of k?
5
Suppose 4*l - 10 = 2. What is the tens digit of (l - -5)*21/6?
2
What is the tens digit of ((-13)/(-26))/((-1)/(-156))?
7
Suppose -2*j = 3*j - 10. Suppose -j*c = -12*c + 510. What is the tens digit of c?
5
Suppose 0 = 2*u - 4*u + 22. Let p = -28 + u. What is the tens digit of (p/4)/((-5)/20)?
1
What is the tens digit of 1*-2*-15*175/42?
2
Suppose -437 = -3*i - 17. Suppose -5*o + w = -300, 71 = 4*o + 5*w - i. What is the tens digit of o?
5
Let k(i) = 2*i**2 - 34*i + 73. What is the hundreds digit of k(30)?
8
Suppose w = -4*i + 83, -w + 3*i + i = -75. Suppose -31 = -m - w. What is the units digit of 72/54*m/(-2)?
2
Let d(j) = -j**3 - 15. Let v be d(0). Let i be 21/(-1)*(-10)/v. Let n(k) = k**3 + 14*k**2 - 2*k + 18. What is the tens digit of n(i)?
4
Let s be (-3)/(-6)*-6 - 1*-3. Let c = 13 - s. What is the units digit of c?
3
Suppose -34 = -2*m - 110. What is the tens digit of 15/(-9) + m/(-3)?
1
Let u(q) be the second derivative of -3/2*q**3 + 5*q + 0 - 3*q**2 + 1/20*q**5 - 5/6*q**4. What is the units digit of u(11)?
6
Suppose k - 4*d - 12 = 0, -3*k + d = 2*k - 136. Let p = k - 23. Let v(z) = 2*z + 12. What is the units digit of v(p)?
2
What is the tens digit of (-26)/(-13) - -30 - (0 + 3)?
2
Suppose -4*v = -2243 - 6085. What is the units digit of v?
2
Let t = 160 + -128. What is the units digit of t?
2
Suppose -5*i - 1119 = -4*n, -5*i - 666 = -3*n + 457. Let q = -140 - i. What is the units digit of q?
7
Let f(h) = -639*h + 194. What is the thousands digit of f(-4)?
2
Let g be (-5)/(-5)*(0 - 7). Let l(d) = -d**3 - 4*d**2 + 7*d + 3. What is the tens digit of l(g)?
0
What is the thousands digit of 1/(-8) + 711810/528?
1
Let m(t) = -1. Let r(c) = c**2 - 20*c - 10. Let s(p) = -m(p) + r(p). What is the units digit of s(24)?
7
Let a(x) = 142*x + 158. What is the units digit of a(13)?
4
Let p(f) be the third derivative of 0 + 17/6*f**3 + 7*f**2 - 1/8*f**4 + 0*f. What is the tens digit of p(0)?
1
Let n be 2 + 3 + -15 + 5. Let d(x) = -51*x + 10. What is the units digit of d(n)?
5
Suppose -3*i - 2*p + 8 = 0, -p - 7 = -2. Suppose -6*k + k - 4*o + i = 0, 2*k - o = -8. What is the units digit of 3/k - (-22)/4?
4
Let u(t) = -3*t**2 - 119*t + 104. What is the tens digit of u(-34)?
8
Let i be 3/6*(4 + 2). Suppose 690 = 4*z + 2*q, 3*z - i*q = -0*q + 504. What is the hundreds digit of z?
1
Suppose -4*w + 27 = -5. Suppose -l + 46 = u, -5*l - w = 3*u - 244. What is the tens digit of l?
4
Let f(h) = h**2 + 17*h + 51. Let o be f(-13). What is the tens digit of (-42)/4*(-11 + o)?
2
Let k = 5 - 0. Suppose 2*h = k*c - 6, -h + 3*c = -1 + 4. Let a = h - -13. What is the units digit of a?
0
Let s(a) = 4 + 9*a - 11*a - 28*a. What is the units digit of s(-2)?
4
Suppose 6*q = -4 + 118. What is the units digit of q?
9
Suppose 2*c + 4*t - 610 = 0, -2*t = 2*c - 371 - 239. Suppose -c = -3*l - 2*j, -l - 30 = j - 130. What is the units digit of l?
5
Let a = 2078 - 111. What is the hundreds digit of a?
9
Let j(z) = 45*z**2 - 14*z - 17. What is the units digit of j(5)?
8
Let p be (-58)/(-18) - 10/45. Suppose 4*d - 11 + p = 0. What is the tens digit of (-13)/2*(-4 - d)?
3
Let b(l) = -11*l**2 - l + 4. Let p be b(2). Let z = p + 97. Let r = -29 + z. What is the units digit of r?
6
Suppose q = 3*b - 5, 3*q + 17 = 2*q - 3*b. Let x = 62 + q. What is the units digit of x?
1
Let g = 5 + -1. Let m(n) = 2*n - 8. Let k be m(g). Suppose -c + 5*c + a - 108 = k, 0 = -3*a. What is the tens digit of c?
2
What is the tens digit of (-1 + 3/2)*(-3392)/(-8)?
1
Let l(u) be the third derivative of u**4/24 + 7*u**3/2 - u**2. Suppose 4*a - t + 3 = 6*a, 4*t - 12 = 5*a. What is the tens digit of l(a)?
2
Let f = 417 - -575. What is the tens digit of f?
9
Suppose -28*d + 16*d = -14052. What is the thousands digit of d?
1
Let g = -39 - -27. Let x be 31/3 - 8/g. Let m = x + 23. What is the tens digit of m?
3
Suppose -4*r + l = -6743, -r + 0*l + 5*l = -1681. What is the hundreds digit of r?
6
Let a = -34 + 37. What is the units digit of 1 + (52 - a) + 4?
4
What is the tens digit of 419/5*(-19 - -39)?
7
Let i(t) = t**3 + 4*t**2 + 3*t + 2. Let n be i(-3). Suppose -n = -b + 2. Suppose 4*q - 3*q = 3*x, 8 = b*q - 4*x. What is the units digit of q?
3
Suppose -3*b + b + 6 = 4*m, -3*m = -2*b + 6. Suppose 3*y + 5*x + 31 = 0, m = -3*y - 2*x + 6 - 22. What is the units digit of y*(-2 - (-12)/8)?
1
Let k = -410 - -1086. What is the tens digit of k?
7
Let n(r) = -4*r**2 - 13*r**3 + 23 + 3*r + 2*r**2 - 20. Let c be n(-2). What is the units digit of c*(-6)/27*-3?
2
Let x = -32 + 33. Let s(y) = 91*y**2 - 3*y + 1. What is the tens digit of s(x)?
8
Let m be (24/(-21))/((-4)/14). Suppose 2*n = -m*r + 18, 5*r + 0*n - 24 = -n. Suppose -l - w + 50 = w, -4*l - r*w = -209. What is the units digit of l?
6
Let d = -115 + 298. Let z = 391 - d. What is the units digit of z?
8
Suppose 18*w + 5892 = 22110. What is the tens digit of w?
0
Let w(q) = 8*q + 26. Let z(i) = i - 1. Let o(m) = w(m) - 3*z(m). What is the units digit of o(12)?
9
Suppose -15 = -4*b - 3, -5*v = 3*b - 13654. What is the thousands digit of v?
2
Let b(u) = -99*u + 90. What is the hundreds digit of b(-4)?
4
Suppose 0 = -4*n - 2*o - 20, 0*n - 2*n + 4*o = 0. What is the units digit of 1 - (n/18 + (-3207)/27)?
0
Suppose 3*v - 1496 = -5*q + 6*v, -2*v + 909 = 3*q. What is the hundreds digit of q?
3
Let x(k) = 43*k - 67. What is the tens digit of x(15)?
7
Suppose 25*q - 3*q - 34012 = 0. What is the units digit of q?
6
Suppose 2*b + 4*s = 3*b + 421, -b + s = 433. Let r = -182 - b. What is the hundreds digit of r?
2
Let j(x) be the first derivative of -x**2/2 + 14*x - 4. Let a be j(10). Suppose -d - 2*m = m - 33, a*m = -8. What is the units digit of d?
9
Let d(q) = q**3 - 8*q**2 - 6*q + 37. What is the tens digit of d(12)?
4
Let b = -146 - -501. What is the tens digit of b?
5
Suppose -6553 - 989 = -6*x. What is the units digit of x?
7
Let a(g) = -g**2 + 8*g + 2. Let b be a(8). Suppose 2*m = -b*u + 6*m, -m = 5*u - 11. What is the tens digit of (-2 + 18)/(u - 1)?
1
Let g = 13 + 27. Let r(b) = 5*b**2 + b. Let a be r(-1). Suppose 0*p - g = -a*p. What is the tens digit of p?
1
Suppose 0 = 3*x - 0*x - 27. Suppose 3*p = 27 - x. Suppose 0 = 2*r - p, -f + 2*r - 254 = -5*f. What is the tens digit of f?
6
Let n be 22*((-5)/(-2))/(-1). What is the units digit of 1*8/(-4) - n?
3
Suppose -78 = x - 4*x. Let m = 18 - x. What is the units digit of (3 - m/(-4)) + 24?
5
Suppose -652 = -5*i + i. Suppose 0 = -4*h + 3*c + 213, -c + i = -h + 4*h. What is the units digit of h?
4
Let j be (2/3)/(8/12). What is the units digit of 1*50*(j - 0)?
0
Let y = 586 + 1266. What is the hundreds digit of y?
8
Let z(c) = -c**3 - 9*c**2 - 16*c. Let f be (8/(-5))/((3 + 1)/20). What is the units digit of z(f)?
4
Let n(w) = 14*w**2 - 83*w + 2. Let u be n(6). Suppose -3*q = -4*r + 79, -2*q = 5*r - r - 94. Suppose z - r = u. What is the tens digit of z?
3
Suppose 2*t = 8 + 10. Suppose t*s - 11 = -2. What is the units digit of s?
1
Let g be (-1)/(-4) - (-21)/12. Suppose g*c = 6*c - 8. Suppose -3*a + c*w - 5*w + 24 = 0, -3*a + 28 = 5*w. What is the units digit of a?
6
Suppose 1 = -5*r - 9, 2*r = 5*x - 3719. What is the hundreds digit of x?
7
Let y be 8/(-60) - 124/(-30). Suppose -2*w + 1194 = y*w. Suppose 5*d - 156 - w = 0. What is the units digit of d?
1
Suppose 6*k = k - 26140. W